t common divisor of 43 and i.
43
Let v be 8 + 46/(-8) + (-15)/(-20). Let i be ((243/(-6))/v)/(5/(-20)). What is the greatest common divisor of i and 126?
18
Suppose 0 = 2*s + m - 11, -2*s + 3*m - 36 + 19 = 0. Let b be (0 - -1) + (0 - -29). Calculate the greatest common factor of b and s.
2
Let j be (2 + -4)*1/2*-3. Suppose -16 = -v + 4*r, v + j*r = 6*r + 19. What is the highest common divisor of v and 70?
14
Let b be (-2636)/(-30) + (-284)/(-2130). Let h(s) = -s**2 + 14*s - 16. Let u be h(12). Calculate the highest common divisor of u and b.
8
Let a = 3 + -1. Suppose -y - 16 = -t, -3*t + a*t + 28 = -4*y. Let k be (-6)/(-10) + 2079/35. What is the greatest common factor of k and t?
12
Let m be (-7 - -6) + (4 - 3). Let r be (-17 - (-3 + m))*(-6)/4. Calculate the greatest common factor of r and 12.
3
Suppose 165*s = 11274 - 4164 + 6915. What is the greatest common factor of 13685 and s?
85
Let b = 2822 + -2702. What is the highest common factor of 510 and b?
30
Suppose -13*j + 500 + 540 = 0. Calculate the highest common factor of j and 710.
10
Suppose 161 = -4*g + 185. Suppose -4*a = -3*x - 423, a = -0*a - 5*x + 77. What is the greatest common factor of a and g?
6
Let l(i) = 2*i**2 - 25*i + 4446. Let q be l(0). What is the highest common divisor of q and 117?
117
Let y = -6 - -8. Let c be 40/30*(-135)/(-18). What is the highest common divisor of y and c?
2
Suppose -299 = -25*m - 49. Suppose 127*y - 123*y + 5*n = 26, -3*n + m = y. Suppose -2*d + 9 = 1. Calculate the highest common factor of d and y.
4
Let d be 702/2*(-23 - -24). Suppose -2*q + 3*w + 333 = 0, 0 = -4*q - 5*w + 348 + d. Calculate the highest common factor of 76 and q.
19
Suppose -153 = 27*w - 45. Let z be w/(8/37)*(-55 + 5). What is the greatest common divisor of 37 and z?
37
Suppose 2*l + 4*o = 41 - 13, 0 = 4*l - 3*o - 23. Suppose -l*s - 2*k - 302 = -11*s, 4*k - 196 = -2*s. What is the highest common divisor of 800 and s?
100
Suppose -5*g + 12566 = -s, 4*g + 18*s - 10066 = 21*s. What is the greatest common factor of 157 and g?
157
Let v(g) = -7*g**2 + 133*g - 24. Let w be v(18). What is the highest common divisor of w and 528?
6
Let b(k) = 2*k**2 + k. Let m(p) = -14*p**2 + 12*p + 248. Let t(y) = -6*b(y) - m(y). Let x be t(-9). What is the greatest common divisor of x and 4?
4
Suppose 547618 = 539*j - 1014489 - 74297. Calculate the highest common divisor of 192 and j.
12
Suppose -113*z = 147*z - 283*z + 23. Calculate the highest common divisor of z and 3593.
1
Suppose -f - 4*s = -58, 4*f - 319 + 67 = 4*s. What is the greatest common divisor of f and 682?
62
Let y be 1064/210 + 3/(-180)*4. Calculate the highest common factor of 47 and y.
1
Let g = 1201 + -1156. Calculate the greatest common factor of 1455 and g.
15
Let p(t) = -38*t + 1013. Let h be p(-4). What is the greatest common divisor of 20 and h?
5
Let r be -1*(91/65 - (-4)/(-10)). Let w be -380*r/((-5)/(-2)). Calculate the greatest common divisor of 8 and w.
8
Let y(v) = 239*v**3 - 4*v**2 + 2*v + 1. Let j be y(1). Let i = 362 - j. What is the highest common factor of i and 62?
62
Let v = 326 - 211. Suppose -542*i + 21793 + 28071 = 0. What is the highest common factor of v and i?
23
Let t = -757 - -785. What is the greatest common factor of 8 and t?
4
Let a be (1890/(-24))/9 - 3/(-4). Let s(p) = -3*p + 28. Let w be s(a). What is the greatest common factor of 364 and w?
52
Let f be (-128 - -107)*92/(-7). Let q be 12/(1 + (0 - 0)). Calculate the highest common divisor of q and f.
12
Suppose j - 2*j = 6. Let m(f) = 3*f**2 - 36. Let x be m(j). What is the highest common factor of 9 and x?
9
Let i(f) = 502*f + 2021. Let w be i(-4). Suppose 12 = -3*q - 3. Let z(j) = j**2 - 3*j - 1. Let x be z(q). Calculate the highest common factor of w and x.
13
Let g = 1233 - 630. Let h = g - 318. Calculate the highest common factor of 15 and h.
15
Let b be (-12 + 14)*((-12676)/(-22) - 4/22). Calculate the greatest common divisor of 66 and b.
6
Let r = 13298 + -12770. Calculate the highest common divisor of 624 and r.
48
Let k be (4 + 120)/2 + -2. Suppose 0 = -4*y - k + 104. Let g = -41 + 74. What is the greatest common divisor of g and y?
11
Let q(f) = f**2 + 1817*f - 3635. Let r be q(2). What is the greatest common factor of r and 5007?
3
Suppose 0 = -5*s + 3*h + 426, 4*h - 163 = -3*s + 81. Calculate the greatest common factor of 96 and s.
12
Let m be ((0 + 1)*-1)/(48/(-768)). Suppose 21*r = m*r + 255. Calculate the highest common divisor of 85 and r.
17
Let p(y) = -18*y - 1452. Let o be p(-82). What is the highest common factor of 123 and o?
3
Let j be (-3)/(-2)*28/2. Let u be -4 - ((-96)/(-80) - 4/(-5)). Let l be 3 - ((-2)/2*6 - u). What is the greatest common divisor of l and j?
3
Suppose d - 174 + 22 = 0. Suppose -21*v + 26*v = 30. Let h(k) = k**2 + k - 23. Let q be h(v). What is the highest common factor of d and q?
19
Let i(g) = 6*g**2 - 31*g - 52. Let n be i(-20). Calculate the highest common factor of 212 and n.
212
Let g(f) = -2*f**3 + 2*f**2 + 44*f + 91. Let b be g(-8). Calculate the greatest common divisor of b and 1539.
81
Suppose -5*y = 187*m - 173*m - 1406, -2*y = -2*m - 570. Calculate the greatest common divisor of y and 2982.
142
Let h(i) = -i + 6. Suppose -3*n - 9 = v + 19, 4*v - 8 = 0. Let z be h(n). Calculate the greatest common factor of 128 and z.
16
Let x(d) = -81*d - 6. Let y be (-1430)/(-104) + (-6)/8. Suppose -6*n + y = 25. Let u be x(n). What is the greatest common factor of 12 and u?
12
Suppose -t = 5*r - 280, -4*t - 22 = -3*r + 169. What is the highest common factor of r and 874?
19
Suppose 0 = -f + 6*f + 2*r - 1, 5*f + 1 = -3*r. Let v be 144/(-40)*(-2 - f - -18). Let p = 58 + v. Calculate the highest common divisor of p and 20.
4
Suppose 3*m - 508 = -103. Let a(i) = -i**2 - 8*i + 7. Let k be a(-5). Suppose 3*u - k = 23. Calculate the highest common divisor of m and u.
15
Let n = -397 - -400. Let m be (n - 0)*320/6. What is the greatest common factor of m and 60?
20
Suppose 4*b = -i + 646, -2*i - 4*b - 386 + 1706 = 0. What is the greatest common factor of i and 2?
2
Let x be (231 - (3 - 0)) + 7 + (-110)/10. What is the greatest common divisor of x and 504?
56
Suppose -4*b + 1479 = z, -216 = -b + 5*z + 117. What is the highest common factor of 437 and b?
23
Let n = -5440 - -5500. What is the greatest common factor of 305 and n?
5
Let j be ((-23)/92)/(1/(-646))*2. Let a = -312 + j. Calculate the highest common divisor of a and 4.
1
Let o(b) = 3*b**2 - 104*b - 1947. Let q be o(49). Let l be 0 + 32 + 1 + -1. What is the greatest common factor of q and l?
32
Let k be 50/15*(-117)/(-5). Suppose -7*y + 34 = -5*y - 3*b, -b - k = -4*y. What is the highest common divisor of y and 340?
20
Let c be 34/((1 + (-40)/43)*506/759). What is the highest common divisor of c and 516?
43
Let m(u) = u**3 - 8*u**2 - 10*u + 1. Let a be m(10). Let y = 173 - a. Suppose 72 = 4*w - w - h, h = 0. What is the greatest common divisor of y and w?
24
Let a(w) = -2*w**3 - 2*w**2 - 6*w - 1. Let i be a(-4). Let b be ((-378)/(-7))/(16/32). Let y = i - b. Calculate the greatest common factor of y and 121.
11
Let l(b) = 2750*b**3 - b**2 - 14*b + 13. Let i be l(1). What is the greatest common factor of 60 and i?
12
Suppose 3924 = 3*j + 106*j. Suppose 8*v = 3*v + 20. Let p be (-97)/(-4) - 1/v. What is the greatest common divisor of j and p?
12
Let a be (1 - 14/(-4))/((-141)/(-2538)). What is the highest common factor of a and 1161?
27
Let l be -2 + 1 - (3 - 6). Suppose -16*o + l*o + 56 = 0. Calculate the greatest common divisor of o and 32.
4
Let g = 38512 + -38332. Suppose -2*u + 113 = 5. What is the greatest common divisor of g and u?
18
Suppose -5*l - 309 = -4*r + 18, 4*r - 138 = 2*l. Let v = 47 - l. Calculate the greatest common divisor of v and 165.
55
Let c = -8362 + 8374. Calculate the highest common factor of c and 28572.
12
Let u(d) = -26 - 7 - 5 + 16*d - 6*d. Let p be u(6). Calculate the highest common divisor of 22 and p.
22
Let g(v) = -v**3 + 37*v**2 + 20*v + 801. Let t be g(38). Let x = 5 - -4. What is the highest common factor of t and x?
9
Suppose 0 = 2*p - 6, -22*b + p + 1134 = -21*b. What is the highest common factor of b and 3?
3
Let u be (-2)/((-6)/(-13))*-3. Suppose -4 = 5*i - 7*i. Suppose l = i + 50. What is the highest common divisor